8134?
8
What is the thousands digit of 7663126?
3
What is the hundreds digit of 263158?
1
What is the tens digit of 19589155?
5
What is the thousands digit of 411794?
1
What is the hundred thousands digit of 7521706?
5
What is the ten millions digit of 24764769?
2
What is the thousands digit of 50973?
0
What is the hundred thousands digit of 12826641?
8
What is the hundreds digit of 26326?
3
What is the hundred thousands digit of 264710?
2
What is the hundreds digit of 40685?
6
What is the thousands digit of 4422946?
2
What is the tens digit of 111703?
0
What is the hundreds digit of 14384595?
5
What is the hundred thousands digit of 3937786?
9
What is the hundred thousands digit of 3000648?
0
What is the hundred thousands digit of 3280326?
2
What is the thousands digit of 439121?
9
What is the thousands digit of 582532?
2
What is the thousands digit of 7767148?
7
What is the ten thousands digit of 676692?
7
What is the ten thousands digit of 211459?
1
What is the ten thousands digit of 535555?
3
What is the hundreds digit of 107307?
3
What is the thousands digit of 35475623?
5
What is the tens digit of 397314?
1
What is the hundred thousands digit of 8663057?
6
What is the tens digit of 620123?
2
What is the units digit of 9484125?
5
What is the millions digit of 3293845?
3
What is the tens digit of 784899?
9
What is the hundreds digit of 41275539?
5
What is the ten thousands digit of 5743158?
4
What is the hundred thousands digit of 7009494?
0
What is the thousands digit of 117045?
7
What is the hundred thousands digit of 32023164?
0
What is the units digit of 662069?
9
What is the millions digit of 5210876?
5
What is the ten thousands digit of 189055?
8
What is the tens digit of 7960439?
3
What is the hundred thousands digit of 8236648?
2
What is the thousands digit of 173544?
3
What is the ten thousands digit of 21948183?
4
What is the tens digit of 15053058?
5
What is the units digit of 156510?
0
What is the millions digit of 1909085?
1
What is the hundred thousands digit of 6732336?
7
What is the units digit of 7035884?
4
What is the millions digit of 15087407?
5
What is the tens digit of 3454584?
8
What is the millions digit of 9120888?
9
What is the ten thousands digit of 661648?
6
What is the hundreds digit of 2520167?
1
What is the thousands digit of 39178?
9
What is the hundreds digit of 369417?
4
What is the ten thousands digit of 1518241?
1
What is the thousands digit of 196456?
6
What is the thousands digit of 405040?
5
What is the hundreds digit of 897853?
8
What is the tens digit of 23867240?
4
What is the hundred thousands digit of 6108667?
1
What is the ten thousands digit of 591113?
9
What is the tens digit of 5442582?
8
What is the hundred thousands digit of 135861?
1
What is the tens digit of 22485642?
4
What is the ten thousands digit of 5990728?
9
What is the thousands digit of 661063?
1
What is the units digit of 957821?
1
What is the millions digit of 13338651?
3
What is the thousands digit of 1353891?
3
What is the ten thousands digit of 3110042?
1
What is the hundred thousands digit of 12244392?
2
What is the units digit of 4183566?
6
What is the tens digit of 245477?
7
What is the hundreds digit of 5608152?
1
What is the hundred thousands digit of 3841744?
8
What is the units digit of 76570?
0
What is the hundreds digit of 17237413?
4
What is the millions digit of 2633875?
2
What is the millions digit of 28258592?
8
What is the tens digit of 4586272?
7
What is the units digit of 459810?
0
What is the tens digit of 19134783?
8
What is the millions digit of 6458216?
6
What is the ten thousands digit of 369470?
6
What is the ten millions digit of 26138912?
2
What is the hundreds digit of 739257?
2
What is the tens digit of 289029?
2
What is the millions digit of 1262822?
1
What is the units digit of 291800?
0
What is the units digit of 243235?
5
What is the tens digit of 4903327?
2
What is the tens digit of 1015406?
0
What is the units digit of 1917399?
9
What is the ten thousands digit of 622088?
2
What is the tens digit of 10439975?
7
What is the units digit of 4785961?
1
What is the millions digit of 14256853?
4
What is the hundred thousands digit of 114831?
1
What is the hundreds digit of 122866?
8
What is the hundred thousands digit of 2060312?
0
What is the units digit of 9529258?
8
What is the hundred thousands digit of 2326876?
3
What is the ten thousands digit of 25325?
2
What is the ten thousands digit of 15358978?
5
What is the ten millions digit of 10403934?
1
What is the units digit of 2834536?
6
What is the ten thousands digit of 423930?
2
What is the hundreds digit of 260124?
1
What is the millions digit of 19489912?
9
What is the units digit of 15780488?
8
What is the hundreds digit of 30433?
4
What is the hundreds digit of 10265?
2
What is the hundreds digit of 19345840?
8
What is the thousands digit of 1423315?
3
What is the units digit of 33248077?
7
What is the hundreds digit of 1099671?
6
What is the hundreds digit of 9251974?
9
What is the tens digit of 95454?
5
What is the thousands digit of 5833074?
3
What is the ten thousands digit of 5875587?
7
What is the hundreds digit of 561224?
2
What is the hundreds digit of 2395685?
6
What is the ten thousands digit of 22026542?
2
What is the hundred thousands digit of 226879?
2
What is the units digit of 69794?
4
What is the ten thousands digit of 1461770?
6
What is the hundred thousands digit of 850616?
8
What is the thousands digit of 196785?
6
What is the hundred thousands digit of 4525147?
5
What is the thousands digit of 6383?
6
What is the millions digit of 3892402?
3
What is the units digit of 249359?
9
What is the millions digit of 12466549?
2
What is the hundred thousands digit of 8085199?
0
What is the tens digit of 358167?
6
What is the units digit of 16965?
5
What is the thousands digit of 1334678?
4
What is the ten thousands digit of 4426764?
2
What is the ten thousands digit of 6299927?
9
What is the tens digit of 873074?
7
What is the hundreds digit of 1963773?
7
What is the ten millions digit of 27748262?
2
What is the hundreds digit of 8258145?
1
What is the units digit of 131734?
4
What is the thousands digit of 481935?
1
What is the thousands digit of 632922?
2
What is the hundreds digit of 21534713?
7
What is the hundreds digit of 140818?
8
What is the hundred thousands digit of 7340000?
3
What is the ten thousands digit of 82995?
8
What is the hundred thousands digit of 1430794?
4
What is the hundred thousands digit of 2065465?
0
What is the tens digit of 358744?
4
What is the hundreds digit of 11824767?
7
What is the millions digit of 6712090?
6
What is the millions digit of 2763316?
2
What is the thousands digit of 13763036?
3
What is the hundreds digit of 228491?
4
What is the ten thousands digit of 350471?
5
What is the millions digit of 8645810?
8
What is the thousands digit of 5110217?
0
What is the ten thousands digit of 237032?
3
What is the units digit of 330393?
3
What is the units digit of 8128204?
4
What is the thousands digit of 6346769?
6
What is the hundreds digit of 135025?
0
What is the millions digit of 15027749?
5
What is the thousands digit of 899336?
9
What is the hundreds digit of 7539606?
6
What is the millions digit of 2859126?
2
What is the hundred thousands digit of 757068?
7
What is the units digit of 352970?
0
What is the ten thousands digit of 860514?
6
What is the hundreds digit of 45082?
0
What is the ten thousands digit of 11666363?
6
What is the thousands digit of 1835228?
5
What is the hundreds digit of 1111695?
6
What is the ten thousands digit of 7605135?
0
What is the units digit of 1890544?
4
What is the tens digit of 2543741?
4
What is the units digit of 1431224?
4
What is the millions digit of 9408600?
9
What is the thousands digit of 8420556?
0
What is the thousands digit of 154150?
4
What is the ten thousands digit of 4396831?
9
What is the units digit of 1439766?
6
What is the units digit of 672695?
5
What is the tens digit of 865039?
3
What is the tens digit of 12936423?
2
What is the hundreds digit of 1744545?
5
What is the tens digit of 2101158?
5
What is the ten thousands digit of 734383?
3
What is the hundred thousands digit of 166549?
1
What is the tens digit of 6367855?
5
What i